w(r) = -r + 4. Let u = -12 - -20. Let b be w(u). Let o be (2 + -2)/(-2 - b). Let d(v) = -v**3 - v**2 - v - 2. Give d(o).
-2
Suppose 5 + 15 = 5*b. Let d(z) = -z**2 + z - 1. Let r(f) = 5*f**2 - 10*f + 8. Let g(s) = -4*d(s) - r(s). What is g(b)?
4
Suppose 14*o - 13*o = 3. Let q(x) = -x + 1. Give q(o).
-2
Let d(i) = -i + 7. Suppose 2*t + 14 = 4*s - 8, 4 = s - 2*t. What is d(s)?
1
Let v(f) = f**2 + 7*f - 10. Let t be v(-7). Let r be 8/t*(0 + -5). Let j(n) = 3*n**2 + 4*n - 4*n**2 + 0*n**2 - 4. Give j(r).
-4
Suppose 0 = s - 0 - 2. Let c(l) be the first derivative of l**5/60 + l**4/8 - l**3/3 + l**2/2 + 3. Let f(y) be the second derivative of c(y). Calculate f(s).
8
Let o(k) be the third derivative of 0*k - 5/24*k**4 + 1/6*k**3 - 3*k**2 - 1/12*k**5 - 1/120*k**6 + 0. Let u(r) = -r**2 + 2*r + 4. Let g be u(4). Give o(g).
5
Let z(b) = -4*b**2 - 3*b - 8. Let t(k) = 3*k**2 + 4*k + 6. Let s(a) = 3*t(a) + 2*z(a). Give s(-5).
-3
Let p(t) = -5*t + 3. Let m(w) = -13*w + 3. Let z(y) = 4*y - 1. Let f(d) = -2*m(d) - 7*z(d). Let l(k) = 7*f(k) - 3*p(k). Suppose -3*x + x = 0. Determine l(x).
-2
Let u(n) = n**2 - 2*n + 3. Suppose 0 = -4*r - 16, -2*r = 4*s + 4. Suppose -s = c - 3. Give u(c).
3
Let f(o) = -1. Let g(i) be the third derivative of -i**5/60 + 5*i**4/24 + 5*i**3/3 + 2*i**2. Let u(w) = 6*f(w) + g(w). Give u(5).
4
Let o(j) = 6*j + 3*j + 3*j - 11*j. Let b = -2 + 5. Determine o(b).
3
Let z = 3 + -3. Let q(a) = -4 + z*a - a**2 + 0 - 3*a - 4*a. Let b = 2 - 6. Determine q(b).
8
Let g(j) = -j - 1. Let v(a) = a**3 - 4*a**2 - 2*a - 4. Let l(n) = -5*g(n) + v(n). Calculate l(3).
1
Suppose -11*f = -29 + 73. Let s(a) = -a**3 - 4*a**2 + 2*a - 5. Determine s(f).
-13
Let y(j) = -j + 2. Suppose d - 24 = 4*a, -5*d - 4*a + 88 = 16. Suppose 3*h = -4 + d. Suppose -5*z = o + 7, 4*o = o - h*z + 1. Give y(o).
-1
Let n(k) = -k**2 - 4*k - 3. Let q(p) = -p - 6. Let b be q(-9). Suppose -6*a + a = 4*f - 38, b*f - 19 = a. Suppose 0 = 4*o - 16, f*z + 16 = 2*z - o. Give n(z).
-3
Let o(z) = -z**3 + 3*z**2 + 5*z + 5. Let b be o(5). Let q(k) = 2*k + 2. Let i be q(4). Let c be 4/i - (-8)/b. Let u(t) = t**2 + 7. Give u(c).
7
Let s(b) be the second derivative of -1/3*b**3 + b**2 + 0 + 2*b. Determine s(-3).
8
Let a = -14 + 13. Let c(j) = -j**3 - 6*j**2 + 7*j + 2. Let d(m) = m**2 + 1. Let q(v) = a*c(v) - 2*d(v). Give q(-5).
6
Let p(i) = -7 + 0*i - i**2 + 8*i - i. Let v(n) = n**3 + n**2 + 1. Let o be v(0). Let l be (3 + -2)/(o/5). Give p(l).
3
Suppose -20 - 35 = -3*b - 5*u, -4*b + 2*u = -56. Suppose -3*d - b = -6*d. Let v(q) = q**3 - 6*q**2 + 6*q - 6. Give v(d).
-1
Let o(h) = h**3 + 6*h**2 + 6*h + 2. Suppose p + 5*m + 25 = 0, -2*p = -4*m + 2*m + 2. What is o(p)?
-3
Let o(i) = -2*i**3 - i**2 + 4*i - 6. Let r(x) = 6*x**3 + 2*x**2 - 11*x + 17. Let l(w) = 17*o(w) + 6*r(w). Calculate l(3).
15
Suppose 3 = -3*i - 2*u - 34, 3*u = -4*i - 51. Let o be -3*((-3)/i - -1). Let c(d) = -2*d - 2. What is c(o)?
6
Let a = -14 + 9. Let o(s) = s**2 + 1. Let v(n) = -4*n**2 + 4*n - 11. Let q(y) = a*o(y) - v(y). Calculate q(-5).
1
Let f(i) be the third derivative of i**7/2520 + i**6/720 + i**5/60 + 2*i**2. Let d(p) be the third derivative of f(p). Determine d(4).
9
Suppose 15 = -5*t, 2 = g + 2*t + 1. Suppose 4*f = g + 5. Let x(l) = 3*l. Calculate x(f).
9
Suppose 0 = -h + 4*o + 16, 0 = -2*h + 4*o + 17 - 1. Let m(u) be the third derivative of 1/3*u**3 + h - u**2 + 1/24*u**4 + 0*u. Give m(-3).
-1
Suppose 0 = 4*y - 3*y + 4*z - 22, 3*y - 1 = z. Let s(p) = -y*p**2 + 0*p - 9*p + 3*p + 3 + 4*p. What is s(-3)?
-9
Let n = -17 - -11. Let h(y) = -4 - 5*y + 2*y - 3*y - y**2 + 3. What is h(n)?
-1
Let d = -31 + 38. Let w(b) = 2*b. Give w(d).
14
Let b(x) = 4*x**3 - 2*x**2 - 2*x - 1. Suppose -4*r + 4 = 0, 0*l + 2*l + 2*r = 0. Determine b(l).
-5
Suppose 0 = -2*y - 7*c + 5*c + 18, 0 = 5*y - 2*c - 10. Suppose 0 = 6*f - f - l - 20, -26 = -2*f + y*l. Let p(q) = q + 4. What is p(f)?
7
Let p(t) be the first derivative of -t**5/120 - t**4/4 + 2*t**3/3 + 3. Let v(a) be the third derivative of p(a). Suppose -4*n - n - 25 = 0. What is v(n)?
-1
Let b(k) = 4*k + 4 - 2 - k**3 - 5 + 3*k**2. Give b(2).
9
Let v(t) be the third derivative of 0*t**4 - 1/120*t**6 + 0*t + 2*t**2 - 1/2*t**3 + 0 - 1/15*t**5. Let i(w) = -w**3 - w - 4. Let r be i(0). Determine v(r).
-3
Let l(c) = -c**3 - 6*c**2 + 5. Let k = 13 - 19. Determine l(k).
5
Let m = -3 - -5. Suppose o - m = 8. Let r(b) = b - 9. Let f be r(o). Let v(w) = -w**2. Calculate v(f).
-1
Let c(s) = s + 20. Let q be c(-10). Let r be ((-4)/(-10))/((-2)/q). Let j(f) = -f. Let y(g) = -g**2 + 3*g. Let h(o) = -9*j(o) - 2*y(o). What is h(r)?
2
Let t(a) = 7*a**3 - 2*a**2 + 1. Suppose -6*k = -k. Suppose 4*q + 0 + 4 = k. Give t(q).
-8
Let y(q) be the third derivative of q**5/60 - q**4/8 - 7*q**3/6 - 7*q**2. Give y(5).
3
Let f(i) = -i - 9. Let d = -186 + 179. What is f(d)?
-2
Suppose 0 = m + m. Let a(k) be the second derivative of -k + 1/3*k**3 + 3/2*k**2 + m. Give a(3).
9
Let a be (174/14)/3 - 3/21. Let g(f) be the third derivative of -f**4/6 + f**3 + 2*f**2. What is g(a)?
-10
Suppose 8 = -4*p, -i - 15 = 5*p - 7. Suppose g - 2*g - 3 = 2*q, -4*g + 18 = -i*q. Let f(k) = g*k**3 + 2 + k - 2*k**3 + 0*k. What is f(0)?
2
Let i(w) be the third derivative of w**4/12 - w**3/2 + w**2. Let u = -3 + -2. Let g be (10/4)/u*-6. What is i(g)?
3
Let g(h) = -h + 2. Let c be g(5). Let a = c - 0. Let p(i) be the second derivative of i**4/12 + i**3/2 - 3*i**2/2 + i. Determine p(a).
-3
Let n(v) = v**3 - v**2 + 4*v - 7*v**2 + 2*v**2 + 2. Determine n(5).
-3
Let r(p) = 6*p + 6. Let s(t) = -7*t - 7. Let k(w) = 3*r(w) + 2*s(w). Let f be ((-2)/4)/((-3)/18). Let d = 0 - f. Give k(d).
-8
Let w(s) = -s**3 - 4*s**2 + 4*s - 3. Suppose 3*c - 10 = 5*p + 12, -5*c + 15 = -4*p. Calculate w(p).
2
Let t be (6/(-15))/(2/(-30)). Let b(j) = j + t*j + 3 - 8*j. Give b(4).
-1
Let j(k) = 8*k - 4 - 16*k + 5*k + k**2. What is j(4)?
0
Suppose 4*u = u + 9. Suppose 6 = -u*t - 3. Let y(g) = -g + 1. Let v(d) = -5*d + 4. Let s(h) = v(h) - 6*y(h). Determine s(t).
-5
Let f(b) be the third derivative of 0 + 0*b + 0*b**3 + 7/60*b**5 + 2*b**2 + 1/24*b**4. What is f(-1)?
6
Let d(q) = -q**2 - q + 2. Let k(c) = c + c**2 - c + 2 + 2*c. Let v = 14 - 16. Let s be k(v). Determine d(s).
-4
Let p(w) = w - 11. Let j be p(8). Let i = -7 - j. Let z(g) = g**3 + 5*g**2 + 7*g + 4. What is z(i)?
-8
Let b = -10 + 12. Let g(q) = 4 - q**b - 7*q - 3 - q**3 + 9*q. What is g(2)?
-7
Let w(j) = 1 + 2 + 1 + 3*j - 1. Let s be w(-2). Let x(o) = 2*o**2 + 4*o + 2. What is x(s)?
8
Let j(y) = -4*y**3 + 3*y**2 - 2. Let a(l) = -l**3 - 8*l**2 + l + 10. Let k be a(-8). Let t(u) = 5*u**3 - 2*u**2 + 1. Let z(m) = k*j(m) + 3*t(m). Give z(1).
6
Let d be 10/(-1 + (-9)/(-7)). Let h be (-1)/2 - d/(-10). Let i(o) = o**3 - 4*o**2 + 3*o - 2. Calculate i(h).
-2
Let m be (15/6)/(3/(-6)). Let g(a) = -a**2 - 4*a + 2. Determine g(m).
-3
Let r be (-9)/(-6)*6/9. Let m(f) = 1 + 7*f**3 - f**3 - f**3 - f**2 - f. Give m(r).
4
Let k(d) = 2*d + 1. Let w(z) = 5*z + 3. Let q(l) = -8*k(l) + 3*w(l). Let n be q(-4). Let y(f) be the third derivative of -f**4/24 - 3*f**2. Calculate y(n).
-5
Let y(r) = r**3 + r**2 - 2. Suppose -4*v - 11 - 5 = 0, 0 = -5*f - 5*v - 20. Suppose f*i - 4*i = 0. Suppose 3*p = -i*p. Determine y(p).
-2
Let a(b) = -74*b - 4 + 38*b + 40*b. Determine a(-3).
-16
Suppose 3*w + 0*s + 12 = -s, 6 = -3*w + s. Let p(q) = 5*q + 2. Give p(w).
-13
Let a(u) be the first derivative of u**3/3 + u**2/2 + 1. Let b be 73/4 - 7/28. Suppose -b = 2*l - 4*x, l + 3*l + 4*x = 0. What is a(l)?
6
Let h = -1 + 4. Let w be -2 - -1 - (-9)/h. Let f(k) = -4*k - 15 - 3*k - k**w + 13. Determine f(-3).
10
Let c(l) be the first derivative of -l**3/3 - 5*l**2/2 + 4*l + 7. What is c(-6)?
-2
Suppose -4*y - 7 = -5*v - 57, 4*v = y - 29. Let o(x) = -x**2 - 9*x - 8. What is o(v)?
10
Let k(m) = -m + 5. Suppose -g = -p, -2*p - 3*p + 32 = 3*g. Give k(g).
1
Let y(i) = -9*i**2 + 8*i + 1. Let j(x) = 10*x**2 - 8*x - 5. Let v(u) = -5*u**2 + 4*u + 3. Let c(l) = 3*j(l) + 5*v(l). Let o(m) = -11*c(m) - 6*y(m). Give o(-5).
-11
Let z(t) = 4*t**2 + 8*t - 1. Let d(f) = f**2 + 1. Let i(a) = 5*d(a) - z(a). Suppose 0 = y + 5*s + 15, s + 5 + 4 = y. Calculate i(y).
-9
Let m(h) = h**3 + 4*h**2 - h. Let w = 4 + -7. Give m(w).
12
Let d = 10 + -8. Let r be (1/(-3))/(d/(-6)). Let o(v) =